lculate the greatest common factor of 595 and 68.
17
What is the highest common divisor of 984 and 216?
24
Calculate the greatest common divisor of 18 and 4.
2
Calculate the greatest common factor of 59 and 16048.
59
What is the greatest common divisor of 65 and 26?
13
Calculate the greatest common factor of 2585 and 176.
11
Calculate the greatest common factor of 925 and 37.
37
Calculate the highest common divisor of 8203 and 13.
13
Calculate the highest common divisor of 186 and 1984.
62
Calculate the greatest common factor of 11 and 2046.
11
What is the greatest common factor of 253 and 803?
11
Calculate the greatest common factor of 390 and 507.
39
Calculate the greatest common factor of 490 and 6020.
70
What is the highest common factor of 40 and 152?
8
Calculate the greatest common divisor of 64 and 22496.
32
What is the greatest common divisor of 273 and 624?
39
What is the highest common factor of 1 and 1400?
1
What is the highest common factor of 3796 and 52?
52
Calculate the greatest common divisor of 28 and 532.
28
What is the highest common divisor of 84 and 140?
28
Calculate the greatest common factor of 25 and 225.
25
What is the greatest common divisor of 74 and 148?
74
What is the highest common divisor of 7202 and 182?
26
Calculate the highest common factor of 170 and 20.
10
What is the highest common factor of 18 and 189?
9
What is the highest common factor of 2 and 41?
1
Calculate the highest common factor of 165 and 440.
55
Calculate the highest common divisor of 882 and 18.
18
What is the greatest common divisor of 1113 and 21?
21
What is the greatest common factor of 85 and 3910?
85
What is the highest common factor of 85 and 340?
85
Calculate the greatest common factor of 2 and 3978.
2
Calculate the highest common factor of 869 and 711.
79
Calculate the highest common divisor of 594 and 13266.
198
What is the greatest common divisor of 1743 and 83?
83
What is the highest common factor of 67 and 1273?
67
Calculate the highest common divisor of 8092 and 68.
68
What is the highest common factor of 2505 and 15?
15
What is the highest common divisor of 5622 and 12?
6
What is the highest common divisor of 128 and 1088?
64
Calculate the highest common divisor of 24 and 42.
6
What is the highest common divisor of 536 and 201?
67
Calculate the highest common factor of 89100 and 180.
180
Calculate the highest common factor of 252 and 3234.
42
What is the greatest common divisor of 2505 and 15?
15
Calculate the highest common factor of 250 and 160.
10
Calculate the greatest common divisor of 403 and 1891.
31
What is the greatest common factor of 49 and 392?
49
What is the greatest common factor of 3430 and 28?
14
What is the highest common divisor of 360 and 1360?
40
Calculate the greatest common factor of 240 and 624.
48
Calculate the highest common divisor of 1819 and 51.
17
Calculate the highest common divisor of 80 and 16.
16
What is the greatest common divisor of 10043 and 363?
121
Calculate the highest common divisor of 928 and 32.
32
What is the greatest common divisor of 28145 and 65?
65
What is the highest common divisor of 82 and 4?
2
Calculate the greatest common factor of 19 and 817.
19
Calculate the greatest common divisor of 168 and 133.
7
What is the greatest common factor of 11 and 11?
11
What is the greatest common factor of 885 and 118?
59
What is the highest common factor of 13 and 39?
13
Calculate the greatest common factor of 7 and 1001.
7
What is the highest common divisor of 2890 and 340?
170
What is the highest common factor of 66 and 55?
11
What is the greatest common factor of 256 and 80?
16
What is the greatest common factor of 21 and 847?
7
What is the highest common divisor of 403 and 13?
13
What is the highest common divisor of 19 and 513?
19
What is the greatest common factor of 32 and 13?
1
What is the highest common divisor of 7 and 91?
7
Calculate the greatest common factor of 41 and 779.
41
What is the greatest common divisor of 682 and 22?
22
Calculate the greatest common factor of 136 and 85.
17
What is the highest common factor of 19 and 513?
19
Calculate the highest common divisor of 364 and 130.
26
Calculate the highest common factor of 234 and 2691.
117
What is the highest common divisor of 91 and 147?
7
Calculate the greatest common divisor of 69 and 1104.
69
What is the greatest common factor of 180 and 15?
15
What is the greatest common divisor of 2464 and 462?
154
Calculate the greatest common factor of 4840 and 55.
55
Calculate the greatest common factor of 455 and 4446.
13
What is the greatest common factor of 100 and 80?
20
Calculate the greatest common divisor of 6368 and 48.
16
What is the greatest common factor of 9 and 1209?
3
Calculate the greatest common divisor of 546 and 4095.
273
Calculate the highest common factor of 32 and 736.
32
What is the highest common factor of 728 and 154?
14
What is the greatest common factor of 1152 and 54?
18
Calculate the greatest common divisor of 56 and 350.
14
What is the highest common divisor of 90 and 72?
18
What is the greatest common divisor of 4352 and 336?
16
What is the greatest common divisor of 155 and 20?
5
Calculate the highest common factor of 13 and 1963.
13
What is the greatest common divisor of 22 and 55?
11
Calculate the greatest common divisor of 31 and 31.
31
Calculate the greatest common factor of 121 and 352.
11
Calculate the highest common factor of 399 and 741.
57
Calculate the highest common divisor of 3040 and 5.
5
Calculate the highest common factor of 6 and 19842.
6
Calculate the greatest common divisor of 144 and 1488.
48
Calculate the greatest common factor of 1591 and 111.
37
Calculate the greatest common factor of 60 and 12.
12
Calculate the highest common factor of 377 and 104.
13
Calculate the highest common factor of 5 and 2.
1
Calculate the highest common factor of 404 and 5353.
101
What is the highest common factor of 65 and 5135?
65
What is the highest common divisor of 2511 and 403?
31
Calculate the greatest common divisor of 51 and 12393.
51
Calculate the greatest common factor of 22 and 275.
11
What is the greatest common divisor of 3897 and 36?
9
Calculate the highest common divisor of 380 and 2565.
95
Calculate the highest common divisor of 1081 and 1175.
47
Calculate the highest common factor of 596 and 9238.
298
What is the greatest common factor of 24332 and 176?
44
Calculate the highest common factor of 1092 and 120.
12
Calculate the greatest common factor of 5286 and 6.
6
What is the greatest common divisor of 50 and 1370?
10
Calculate the highest common divisor of 100 and 650.
50
Calculate the greatest common factor of 77 and 11.
11
What is the highest common factor of 2119 and 130?
13
Calculate the highest common factor of 20 and 55.
5
Calculate the greatest common divisor of 88 and 319.
11
What is the highest common divisor of 1202 and 2?
2
What is the highest common divisor of 7 and 287?
7
What is the highest common factor of 34 and 4?
2
Calculate the greatest common divisor of 3 and 4353.
3
What is the highest common divisor of 1173 and 345?
69
What is the greatest common divisor of 336 and 192?
48
What is the greatest common factor of 12 and 100?
4
What is the greatest common factor of 108 and 378?
54
Calculate the highest common factor of 55 and 10505.
55
Calculate the greatest common divisor of 16 and 14.
2
What is the highest common factor of 480 and 60?
60
What is the highest common factor of 195 and 312?
39
What is the highest common factor of 81 and 135?
27
Calculate the highest common divisor of 9 and 6.
3
Calculate the highest common factor of 64 and 216.
8
Calculate the highest common factor of 15 and 240.
15
Calculate the greatest common divisor of 522 and 116.
58
Calculate the highest common factor of 1738 and 99.
11
Calculate the highest common factor of 179 and 3.
1
What is the highest common factor of 48 and 320?
16
What is the greatest common factor of 22 and 957?
11
Calculate the highest common factor of 3439 and 19.
19
What is the greatest common divisor of 31 and 496?
31
What is the greatest common divisor of 320 and 1400?
40
What is the highest common divisor of 2023 and 119?
119
What is the greatest common factor of 105 and 112?
7
Calculate the greatest common diviso